6?
5084
In base 14, what is -68 - 31a?
-384
In base 4, what is -112033233 - 10?
-112033303
In base 12, what is 2 + 136891?
136893
In base 16, what is -2 + -e?
-10
In base 2, what is -11101 + -1100001001101?
-1100001101010
In base 11, what is 1021 - a6?
a26
In base 6, what is -1 - -24132?
24131
In base 12, what is 14 + -b11b?
-b107
In base 11, what is 12 - 188711?
-1886aa
In base 6, what is -24525125 + -5?
-24525134
In base 10, what is 30 + 1216?
1246
In base 4, what is 33110002 + 111?
33110113
In base 3, what is -11111 - 2222102?
-10010220
In base 13, what is -10b9c + 2?
-10b9a
In base 7, what is 11012 + -633?
10046
In base 5, what is -1413301 - 3?
-1413304
In base 5, what is 1220243400 - -3?
1220243403
In base 8, what is -762036 + -1?
-762037
In base 6, what is 522014 - -4?
522022
In base 10, what is -4359467 - -5?
-4359462
In base 14, what is 1b8a1 - -4?
1b8a5
In base 9, what is -46527 + 6?
-46521
In base 14, what is 34 + -3688?
-3654
In base 6, what is -524 - 2412?
-3340
In base 15, what is -5 + -d95d5?
-d95da
In base 16, what is -5 - 4cf2?
-4cf7
In base 15, what is ad - 7b1?
-703
In base 10, what is 4737 - -23?
4760
In base 15, what is -2e9d5 + 3?
-2e9d2
In base 8, what is 3026 + -17?
3007
In base 2, what is 10 - 11001101011111?
-11001101011101
In base 7, what is -131605 - 5?
-131613
In base 16, what is 2 + -4d193?
-4d191
In base 12, what is -21004 - -18?
-20ba8
In base 6, what is -31 + -4224?
-4255
In base 10, what is 35671 - -3?
35674
In base 11, what is 2 - 364?
-362
In base 12, what is -76b30 + -5?
-76b35
In base 11, what is 212194 + 0?
212194
In base 15, what is 2c97 - -5?
2c9c
In base 10, what is 19416 - 5?
19411
In base 2, what is 1100 + -1011110011101001110?
-1011110011101000010
In base 16, what is -3 + -3e50d?
-3e510
In base 3, what is -221201 - 102?
-222010
In base 16, what is -13 + -30412?
-30425
In base 2, what is 11 - 101011110110010001?
-101011110110001110
In base 8, what is -105 - 4315?
-4422
In base 13, what is 16b + -995?
-827
In base 15, what is -4 + 47869?
47865
In base 13, what is 34007 - -4?
3400b
In base 9, what is 5 - -161055?
161061
In base 5, what is 14324 + -10440?
3334
In base 9, what is 3468 + 328?
3807
In base 11, what is -79 + -39?
-107
In base 9, what is -41176 + -5?
-41182
In base 12, what is -2 - 116?
-118
In base 6, what is 4252011 + 0?
4252011
In base 7, what is -201612 - 12?
-201624
In base 4, what is -2011311 - 31?
-2012002
In base 2, what is -1100011001011011010 + -11?
-1100011001011011101
In base 2, what is 101100010010101 + 11001?
101100010101110
In base 12, what is 79 + 2081?
213a
In base 11, what is -2a334 + -3a?
-2a373
In base 7, what is -2162654 + -5?
-2162662
In base 5, what is -13 - -440?
422
In base 8, what is -575 + 430?
-145
In base 4, what is 3 - -121101331?
121102000
In base 2, what is 1 + -10010111010101?
-10010111010100
In base 12, what is -87861 - 3?
-87864
In base 6, what is -11315220 + 1?
-11315215
In base 9, what is 440 - -1410?
1850
In base 8, what is 2030 - -212?
2242
In base 15, what is -4 - -527c?
5278
In base 13, what is 12242 - -3?
12245
In base 14, what is -2255 + -4?
-2259
In base 3, what is -1212010 + 100021?
-1111212
In base 4, what is 2030203020 - 12?
2030203002
In base 4, what is 1 - -111331032?
111331033
In base 8, what is -4 + 63441?
63435
In base 13, what is -1 + -a9350?
-a9351
In base 8, what is 3334 + 141?
3475
In base 2, what is 110001 - -111110011001?
111111001010
In base 11, what is -3 + -18aa0?
-18aa3
In base 10, what is -4 + -43341?
-43345
In base 15, what is 4ce - -1c?
4eb
In base 8, what is -3 + 1111454?
1111451
In base 15, what is 7658 + 1?
7659
In base 2, what is 1001101110111110001 - -1001?
1001101110111111010
In base 6, what is 5 + 134053?
134102
In base 7, what is 22440 + 30?
22500
In base 2, what is -11 - 11000011010110?
-11000011011001
In base 8, what is 1011707 - -15?
1011724
In base 8, what is 5 - 34050?
-34043
In base 15, what is -a76 + c?
-a69
In base 9, what is -612 - 67?
-680
In base 11, what is 4 - -230252?
230256
In base 2, what is -10110101 - -100011100100?
100000101111
In base 6, what is -223035411 + -3?
-223035414
In base 3, what is -2222 - 120201?
-200200
In base 14, what is -10b36 - 5?
-10b3b
In base 4, what is -2323221 - 320?
-2330201
In base 3, what is 12 - 112221200112?
-112221200100
In base 4, what is -12130 - 132?
-12322
In base 16, what is 7 + -1d?
-16
In base 8, what is 2032 - -12?
2044
In base 11, what is -1708 + -15?
-1722
In base 4, what is -110011 - 1131?
-111202
In base 14, what is -ba - 2b38?
-2c14
In base 15, what is -15 - 3eac?
-3ec2
In base 5, what is 221 - -3003431?
3004202
In base 15, what is 1 + 3a58e?
3a590
In base 8, what is 774577 - -4?
774603
In base 12, what is -7 + -16b2?
-16b9
In base 13, what is 33ac1 - -2?
33ac3
In base 11, what is 0 - 15a8?
-15a8
In base 7, what is -5 - -203024?
203016
In base 16, what is 3 - 5c0c?
-5c09
In base 5, what is 2211124 + 11?
2211140
In base 13, what is -13 + -1150?
-1163
In base 7, what is -3236 - -21?
-3215
In base 2, what is -1000001010011 - -11000101?
-111110001110
In base 14, what is 30d65 + 1?
30d66
In base 5, what is 2 + 23100?
23102
In base 15, what is -6 - -14d33e?
14d338
In base 4, what is -13130202101 - -1?
-13130202100
In base 12, what is 76 + -154?
-9a
In base 7, what is 1200 - -5602?
10102
In base 10, what is 36 - 12266?
-12230
In base 13, what is -cb4 + -3?
-cb7
In base 10, what is -31 - -954?
923
In base 14, what is -5 - 18c13?
-18c18
In base 10, what is 2293 + 11?
2304
In base 5, what is -4 - 143010001?
-143010010
In base 4, what is 10 - -20200321?
20200331
In base 10, what is -5 - -33707?
33702
In base 2, what is -100 - 1111101100000110?
-1111101100001010
In base 4, what is -1 + 1212211?
1212210
In base 2, what is -1000001000011 + -100110?
-1000001101001
In base 14, what is 5 + 8c30b?
8c312
In base 8, what is 375 + 3543?
4140
In base 11, what is 18 + -1148?
-1130
In base 13, what is -563 + -b?
-571
In base 10, what is 27199 - 5?
27194
In base 12, what is -33 - 615?
-648
In base 3, what is 2002021 - -12222?
2022020
In base 12, what is -1a + 160?
142
In base 11, what is a + 1491?
14a0
In base 5, what is 10 - 11242014?
-11242004
In base 16, what is -26eb4 + d?
-26ea7
In base 6, what is -4 + 300233?
300225
In base 5, what is 20 - 1331314?
-1331244
In base 2, what is -111 + 10110000011010?
10110000010011
In base 4, what is -1221123132 - 13?
-1221123211
In base 9, what is -1706 + -74?
-1781
In base 15, what is 139b + 2d?
13c9
In base 6, what is 2 + 3351432?
3351434
In base 12, what is 1984 + -6?
197a
In base 2, what is 100 + -1011000001?
-1010111101
In base 13, what is -265c5 + -8?
-26600
In base 3, what is 112111010010 + -12?
112111002221
In base 13, what is -1bcc0 - -51?
-1bc6c
In base 8, what is 145 - 5263?
-5116
In base 16, what is -f8 - 36?
-12e
In base 13, what is -3 - -15ab?
15a8
In base 12, what is -1215286 + 5?
-1215281
In base 12, what is a7b5 + -46?
a76b
In base 6, what is -20 + -533313?
-533333
In base 7, what is 1 - -346206?
346210
In base 10, what is 4 + 45947?
45951
In base 15, what is 219 - -3e?
258
In base 3, what is -21 + 220010?
212212
In base 16, what is -1 + -10e3?
-10e4
In base 15, what is 149 + 9a?
1e4
In base 16, what is -3a49 - 4?
-3a4d
In base 13, what is 30 - b9a9?
-b979
In base 10, what is 550584 + 6?
550590
In base 5, what is 410402 - -13?
410420
In base 10, what is -5 - 75273?
-75278
In base 11, what is 3 - 26868?
-26865
In base 16, what is -2 - 2500?
-2502
In base 7, what is -130 - -220015?
216555
In base 10, what is 3829 - 12?
3817
In base 8, what is -5316 - 0?
-5316
In base 2, what is 10011011001100011101 - -10?
10011011001100011111
In base 9, what is -730 - 2027?
-2757
In base 5, what is 122123 + -23?
122100
In base 10, what is 13 + -48688?
-48675
In base 10, what is -12296 + 17?
-12279
In base 6, what is -25 + 3023004?
3022535
In base 6, what is 453110 + 4?
453114
In base 16, what is -fa + d7?
-23
In base 6, what is 21322 + -52?
21230
In base 15, what is -5 - -c981d?
c9818
In base 6, what is 24312 - -1?
24313
In base 4, what is -3301202 - 1221?
-3303023
In base 5, what is -3 + 131004222?
131004214
In base 4, what is 2110122330 + 11?
2110123001
In base 4, what is 33230 - 11?
33213
In base 16, what is 4 + -14c5?
-14c1
In base 13, what 